
2, 17, 101, 376399
What are the prime factors of 38331441?
3, 1419683
List the prime factors of 660211575.
3, 5, 17, 251, 2063
List the prime factors of 641293894.
2, 320646947
List the prime factors of 29505741.
3, 9835247
What are the prime factors of 110581867?
11, 31, 139, 2333
List the prime factors of 275590238.
2, 7, 11, 181, 9887
List the prime factors of 254705055.
3, 5, 11, 379, 4073
List the prime factors of 1489767896.
2, 186220987
List the prime factors of 210359787.
3, 11, 6374539
What are the prime factors of 238150490?
2, 5, 1019, 23371
What are the prime factors of 1648410055?
5, 329682011
What are the prime factors of 293966740?
2, 5, 643, 22859
List the prime factors of 73066959.
3, 7, 61, 19013
List the prime factors of 741415811.
741415811
What are the prime factors of 387143244?
2, 3, 17, 127, 293
What are the prime factors of 98758348?
2, 13, 1899199
List the prime factors of 4066654901.
4066654901
What are the prime factors of 104054606?
2, 431, 120713
List the prime factors of 1991086492.
2, 7789, 63907
List the prime factors of 762609787.
762609787
What are the prime factors of 76486946?
2, 157, 243589
List the prime factors of 1146303968.
2, 241, 148639
List the prime factors of 42234319.
2693, 15683
List the prime factors of 99388939.
13, 53, 67, 2153
List the prime factors of 11174364.
2, 3, 59, 5261
What are the prime factors of 1186026804?
2, 3, 29, 1136041
List the prime factors of 848443467.
3, 282814489
List the prime factors of 25371821.
19, 109, 12251
What are the prime factors of 2155123743?
3, 718374581
List the prime factors of 641076763.
37, 17326399
List the prime factors of 4020958797.
3, 367, 3652097
List the prime factors of 1456479901.
20143, 72307
List the prime factors of 651057027.
3, 2963, 73243
List the prime factors of 28007010.
2, 3, 5, 311189
What are the prime factors of 21288194?
2, 10644097
What are the prime factors of 1317725934?
2, 3, 7, 47, 2029
List the prime factors of 43060691.
43060691
What are the prime factors of 272576283?
3, 7, 17, 59, 12941
What are the prime factors of 2681584336?
2, 41, 73, 55997
What are the prime factors of 393577159?
1091, 360749
What are the prime factors of 162905268?
2, 3, 79, 239, 719
List the prime factors of 158252613.
3, 31, 1701641
What are the prime factors of 552487228?
2, 2027, 68141
What are the prime factors of 8591395?
5, 29, 193, 307
List the prime factors of 404889650.
2, 5, 11, 857, 859
What are the prime factors of 2079287058?
2, 3, 346547843
List the prime factors of 1205532944.
2, 7, 11, 229, 4273
What are the prime factors of 121580693?
13, 9352361
List the prime factors of 1050233315.
5, 1307, 160709
List the prime factors of 89136763.
17, 5243339
What are the prime factors of 1187774840?
2, 5, 7, 523, 8111
List the prime factors of 4889393402.
2, 4253, 574817
What are the prime factors of 107297184?
2, 3, 1117679
What are the prime factors of 26426641?
877, 30133
List the prime factors of 657559098.
2, 3, 7, 23, 226901
What are the prime factors of 1485292985?
5, 11, 19, 239, 313
List the prime factors of 120836283.
3, 40278761
What are the prime factors of 9119405?
5, 137, 13313
What are the prime factors of 268633383?
3, 31, 2888531
What are the prime factors of 1847668168?
2, 13259, 17419
What are the prime factors of 2632144024?
2, 19, 17316737
List the prime factors of 6394785320.
2, 5, 7, 11, 2076229
What are the prime factors of 265818225?
3, 5, 1321, 2683
List the prime factors of 160662432.
2, 3, 7, 239081
List the prime factors of 964884068.
2, 19, 139, 149, 613
List the prime factors of 377735162.
2, 7, 19, 1420057
What are the prime factors of 1352800323?
3, 7, 19, 29, 38971
List the prime factors of 1271483257.
11, 211, 547817
List the prime factors of 779452747.
31, 47, 534971
List the prime factors of 7037249881.
29, 41, 1451, 4079
What are the prime factors of 351005228?
2, 7, 67, 26729
What are the prime factors of 273735908?
2, 953, 71809
List the prime factors of 8669501651.
191, 271, 167491
What are the prime factors of 3511542?
2, 3, 19, 30803
What are the prime factors of 133655676?
2, 3, 7, 11, 79, 1831
What are the prime factors of 136889375?
5, 7, 67, 467
What are the prime factors of 900466756?
2, 7, 89, 151, 2393
What are the prime factors of 26745879?
3, 17, 524429
What are the prime factors of 522418117?
13, 431, 93239
What are the prime factors of 36837420?
2, 3, 5, 613957
What are the prime factors of 131526402?
2, 3, 7, 1637, 1913
What are the prime factors of 572487654?
2, 3, 137, 696457
List the prime factors of 70162834.
2, 7, 23, 193, 1129
List the prime factors of 110585519.
11, 10053229
What are the prime factors of 531297348?
2, 3, 193, 229403
What are the prime factors of 1088550032?
2, 29, 80897
What are the prime factors of 976487773?
14813, 65921
List the prime factors of 426724731.
3, 509, 93151
List the prime factors of 144636457.
7, 20662351
List the prime factors of 283454024.
2, 7, 23, 149, 211
List the prime factors of 179024056.
2, 37, 604811
What are the prime factors of 104387502?
2, 3, 17397917
What are the prime factors of 396074915?
5, 79214983
List the prime factors of 110562535.
5, 22112507
List the prime factors of 4619938392.
2, 3, 337, 190403
List the prime factors of 41397714.
2, 3, 2299873
What are the prime factors of 39285846?
2, 3, 89, 137, 179
List the prime factors of 2309574654.
2, 3, 42769901
What are the prime factors of 85398607?
7, 313, 38977
List the prime factors of 58909430.
2, 5, 2129, 2767
What are the prime factors of 1148684728?
2, 109, 1317299
What are the prime factors of 43518130?
2, 5, 17, 255989
What are the prime factors of 70017899?
7, 1571, 6367
What are the prime factors of 5930467731?
3, 17, 229, 6269
List the prime factors of 1250239682.
2, 7481, 83561
What are the prime factors of 5941872?
2, 3, 41263
List the prime factors of 2551449849.
3, 13, 43, 47, 32371
What are the prime factors of 23744484?
2, 3, 659569
List the prime factors of 155997482.
2, 77998741
What are the prime factors of 14613005?
5, 11, 47, 5653
What are the prime factors of 359552453?
13, 27657881
List the prime factors of 2015995861.
11, 183272351
What are the prime factors of 10530569?
7, 89, 16903
List the prime factors of 5543792323.
67, 643, 128683
What are the prime factors of 51246414?
2, 3, 103, 131, 211
What are the prime factors of 20148588?
2, 3, 19, 1091
List the prime factors of 1801210086.
2, 3, 13, 23, 14551
List the prime factors of 833234051.
13, 4930379
List the prime factors of 73674542.
2, 36837271
List the prime factors of 72110040.
2, 3, 5, 37, 109, 149
List the prime factors of 1436630463.
3, 159625607
List the prime factors of 75201877.
31, 211, 11497
List the prime factors of 7806785811.
3, 11, 103, 208799
What are the prime factors of 661901283?
3, 73544587
What are the prime factors of 116121600?
2, 3, 5, 7
List the prime factors of 3700677032.
2, 13, 2287, 15559
What are the prime factors of 516880849?
2099, 246251
What are the prime factors of 5287349504?
2, 41, 137, 3677
List the prime factors of 320613590.
2, 5, 11, 43, 67783
List the prime factors of 524687185.
5, 11, 19, 502093
What are the prime factors of 23193459?
3, 281, 1019
List the prime factors of 678845548.
2, 169711387
What are the prime factors of 138628789?
13, 10663753
What are the prime factors of 4635484?
2, 7, 165553
List the prime factors of 547861898.
2, 273930949
List the prime factors of 39465879.
3, 199, 66107
List the prime factors of 1011685080.
2, 3, 5, 7, 37, 43, 757
List the prime factors of 67552966.
2, 13, 2598191
What are the prime factors of 666281335?
5, 113, 1179259
What are the prime factors of 41913188?
2, 131, 79987
List the prime factors of 61742462.
2, 577, 53503
What are the prime factors of 577038269?
577038269
What are the prime factors of 195626514?
2, 3, 17, 397, 4831
What are the prime factors of 280519543?
1093, 256651
What are the prime factors of 27290653?
13, 29, 191, 379
List the prime factors of 468128027.
773, 605599
What are the prime factors of 261483650?
2, 5, 41, 229, 557
What are the prime factors of 27182227?
677, 40151
List the prime factors of 155992411.
107, 1457873
What are the prime factors of 216489196?
2, 7, 11, 702887
Wha